*2 - 6*m - 2 + 8*m**2 + m**2 - m**2. Give p(g).
-2
Let w(i) = 3*i - 1. Let j be w(-1). Let c = j + 6. Let v(m) = -m**2 - 2*m + 1. Determine v(c).
-7
Suppose 3*h = -2*h + 15. Suppose -h*n = -n. Let d(m) = m + 1. Determine d(n).
1
Let m(s) = s**2 + 4*s + 4. Let y be m(-4). Let d(z) = 10*z**2 - 2*z - 1 - z + y*z. What is d(1)?
10
Suppose 0 = 3*t - 3*k + 27, t = -3*k + k + 6. Let z = t + 7. Let p(m) = 2 - 2*m**3 + 3*m + 5*m**2 + 3*m**z - m. Calculate p(-4).
10
Suppose 2*p = 6*p. Let c = p - -1. Let j be (1 - (c + 1))/1. Let d(f) = -f**3 + f**2 + f + 1. Determine d(j).
2
Suppose -6 = -4*p + 2*p. Suppose 5*g + 0*g = 10. Let u(r) = -11*r - 6*r**2 - r**p + 1 - r**g + 3*r - 10. Give u(-6).
3
Suppose 5 = 2*v + 1. Let h be -3 + 1 + 3*v. Let y(o) = -o**3 + 5*o**2 - 3*o - 1. Determine y(h).
3
Let i be -1 - (-5)/((-15)/(-6)). Suppose d = 2, -i = -3*n + 3*d - 8*d. Let a(m) = 1 + 4 + m - 3. What is a(n)?
-1
Let c(h) = 5*h**3 + 1 + 0*h - h + 2*h. Calculate c(-1).
-5
Let x(l) = -2*l - 3. Let y = 1 - -5. Give x(y).
-15
Suppose -2*r - h + 5 = -1, 0 = -3*r - 3*h + 6. Let y(k) = -2*k - 6. Let m be y(-4). Let q(b) = -m + 2 + b + 5 - 2*b. Determine q(r).
1
Suppose 2*c + 0 = 6. Let v(o) = -5*o**2 - o - 2 - c*o + 0*o. Determine v(-2).
-14
Suppose 0 = -5*l - 17 - 3. Let n be (3/6)/((-2)/l). Let x(f) = 8*f**3 + 2*f - f + 0*f. What is x(n)?
9
Let m = 6 + -3. Let l(c) = m*c - 1 - 5*c - 4*c. Let a(u) = -2*u + 13. Let d be a(6). Determine l(d).
-7
Let x(q) = -q**3 + 6*q**2 - 3*q. Let w = 0 + -2. Let o = 0 - w. What is x(o)?
10
Let z(a) = -1 + 6 + 2 + a. Let q(v) = v**2 - 2*v - 3. Let l be q(-2). Suppose -5*r - 7 = -w, 3*w - r = -l*r - 17. Calculate z(w).
4
Let a(z) be the second derivative of -z**3/6 + 11*z**2/2 + z - 5. Determine a(5).
6
Let s(v) = 2*v + 2. Let c be s(-4). Let x(p) = -2*p**2 + 63*p**3 + 6 - p - 4*p - 64*p**3 - 5*p**2. Give x(c).
0
Suppose 0 = l + 5*f - 19, -6*l - 3*f + 17 = -4*l. Let x(r) = r**2 - 5*r + 6. Determine x(l).
2
Let j be 2/6 - 68/51. Suppose 0 = 2*t - 3 - 1. Let u(f) = -1 + f + t + 0*f. Calculate u(j).
0
Let f = -19/2 - -10. Let g(a) be the second derivative of f*a**2 - a + 0 + 3/2*a**3. Determine g(-1).
-8
Let z be 6/6 - (-1)/(-1). Let g(c) be the third derivative of 0*c - 1/60*c**5 + z - 2*c**2 + 1/8*c**4 - 1/6*c**3. Calculate g(2).
1
Let m(o) = 2*o - 1. Suppose -3*u = 4*t - 1, 2*t + 7 = 6*t + 5*u. What is m(t)?
-5
Suppose -5*o = 2*y - 27, 4*y - 2*o + 3*o = 27. Let s(j) = j**3 - 5*j**2 - 8*j - 5. What is s(y)?
-17
Suppose -2*u - 4*k + 16 = 0, -2*k = -u - 3*k + 5. Let p(x) = 0 + x - u + 2 - 1. Let o(c) = -c**2 - 7*c - 5. Let v be o(-5). What is p(v)?
4
Let m(q) = 1. Let b(i) = -i**2 + 4*i + 7. Let y(u) = b(u) - 4*m(u). Let n(k) = k**2 + 4*k - 6. Let p be n(-6). Let c be 26/p - 3/9. Calculate y(c).
3
Let b(c) be the first derivative of 7*c - 5 + 3/2*c**2. What is b(-5)?
-8
Let r(h) = -h**2 + 6*h - 1. Suppose 20 = -4*x - 4*k + 56, -3*k = 2*x - 23. What is r(x)?
7
Let n(x) = x - 1. Let t(v) = -7*v - 1. Let h(r) = -6*n(r) - t(r). Give h(0).
7
Let m(s) = -s - 1. Let p = -11 + 13. Let r(t) = -t**2 - 5. Let d(g) = p*m(g) - r(g). Suppose 6 = w + 2*w. Give d(w).
3
Let a(i) = 2*i**2 + 1. Suppose 2*o + 11*t = 13*t + 2, o = -4*t + 1. What is a(o)?
3
Let m(h) = -2*h + 10. Let t be m(-5). Suppose 0 = -u - 3*u + t. Let w(b) = -b**2 - b - 1 - 2 + 7*b. Determine w(u).
2
Let j(x) = x. Let f be (-8)/(-16) + 3/2. Suppose 0 = -3*c + f*c - k - 6, 4*c + 3*k + 22 = 0. Calculate j(c).
-4
Let w = -4 + 2. Let o = 5 - -1. Let s(r) = -7*r**3 - 6*r**2 + 8*r - 4. Let t(y) = -6*y**3 - 5*y**2 + 7*y - 3. Let i(h) = o*t(h) - 5*s(h). Give i(w).
6
Let j(f) = -f**2 - 3*f. Let r(n) = 7*n + 10. Let y be r(-2). Calculate j(y).
-4
Let i(p) = -p**2 + 3*p. Let g = 30 - 27. Determine i(g).
0
Suppose 3*k + 20 = 8, -45 = 5*z + 5*k. Let b(f) = -f**2 - 4*f + 6. Determine b(z).
1
Let r(f) = -f - 3. Let h be (-1)/(((-3)/4)/3). Let j = 1 - h. Determine r(j).
0
Let h(f) = 4*f - 2. Suppose 3*y - 4 = -n + y, -y + 3 = n. Calculate h(n).
6
Let v(t) = t**2 + 4*t + 2. Let g = -9 - -6. Give v(g).
-1
Let f(s) = -1. Let z(p) = 5*p**3 + 6*p**2 - p + 8. Let q(a) = 3*f(a) + z(a). Let b(n) = 6*n**3 + 6*n**2 + 5. Let h(r) = -6*b(r) + 7*q(r). What is h(4)?
9
Let x(k) = -k - 8. Suppose 2*b = -9*b - 77. Determine x(b).
-1
Let c(g) be the third derivative of -g**6/120 - g**5/20 + g**4/24 - g**3/3 + 2*g**2. Determine c(-4).
10
Let k(v) be the first derivative of -v**3/3 + 5*v**2/2 - 2. Suppose -5*u - 24 = 21. Let a = u + 13. Calculate k(a).
4
Let l = -14 + 13. Let c be -2*(1 + l/2). Let j(w) = 2*w - 1. What is j(c)?
-3
Let q(b) be the first derivative of -b**2/2 - 4*b + 11. Determine q(0).
-4
Let b be -7*-2*(-1)/2. Let k = -5 - b. Let z(i) be the second derivative of i**4/6 - i**3/2 + i**2 + 2*i. Calculate z(k).
4
Let n = 6 + -4. Let o(p) = p - p - n*p. Suppose 8 = 4*i - 2*i. Calculate o(i).
-8
Let n(j) = j**3 - 2*j**2 - 1. Let s(k) be the first derivative of k**3/3 - k**2/2 - 2*k + 3. Let a be s(0). Let p be (-3 - -1)*a/2. What is n(p)?
-1
Suppose 4*j + 3 - 1 = -w, -3*j - 105 = -5*w. Let a = -26 + w. Let p = 4 + a. Let x(m) = m**2 + 5*m + 6. Give x(p).
2
Let q = -15 - -16. Let j(o) = -11*o**3 - 2*o + 1. What is j(q)?
-12
Let g(k) = -3*k**2 + 11*k + 20. Let u(i) = -3*i - 15 + 2*i + 2 + 2*i**2 - 6*i. Let o(c) = -5*g(c) - 8*u(c). Give o(0).
4
Let p(z) = -4*z**2 + z + 3. Let h(r) = -r**2 - r + 1. Let s(v) = -3*h(v) + p(v). Determine s(3).
3
Let g(f) = -f**3 - 6*f**2 + 5*f - 9. Let l = -1 + -6. Let c be g(l). Let r(i) = -i + 1. Let m(p) = p. Let d(z) = -5*m(z) - 4*r(z). Determine d(c).
-9
Let q(s) = -s**3 - 5*s**2 + 16*s + 10. Let z be q(-7). Let b(h) be the third derivative of -h**6/120 - h**5/12 - h**4/12 + 5*h**3/6 + 2*h**2. Calculate b(z).
-3
Let c(o) = o**2 - 15*o + 19. Let u(v) = 13*v**2 + 5*v + 5. Let n be u(-1). What is c(n)?
-7
Let d(c) = -c**2 + 3*c + 1. Let h be d(4). Let k(o) = 2*o**2 + 3*o - 4. Determine k(h).
5
Let j(i) be the second derivative of -i**6/240 - i**5/30 - i**4/6 + 3*i. Let d(o) be the third derivative of j(o). Calculate d(-3).
5
Let z(y) = y - 11. Let g be z(5). Let s(k) = k**2 + 7*k - 6. Let v be s(g). Let j = v + 8. Let u(f) = f**3 + 3*f**2 - 6*f - 2. What is u(j)?
6
Suppose 3*g = -2*c + 1, -2*g + 13 = 2*c - 3*g. Suppose -4*b + c*b = 4. Let i(m) = 4*m**2 - 28 + 2*m**3 + m + 31 - 3*m**3. What is i(b)?
7
Let g(a) = a**2 + 4*a + 1. Let t(q) = -q**2 - 4*q - 1. Let v(d) = -4*g(d) - 5*t(d). Determine v(-3).
-2
Suppose -2*m + v = 2*v - 4, -v = -2*m. Let a(n) = m - 4 + 4 + 3*n**2 - 4*n + 2 - n**3. Suppose -h + 1 = -2. Determine a(h).
-9
Let g(u) = 6*u**3 + 8*u + 3. Let h(c) = c**3 + c**2 + c. Let m(v) = -2*v**3 - 2*v**2 - 2*v. Let q(z) = 13*h(z) + 6*m(z). Let r(x) = g(x) - 5*q(x). What is r(3)?
-6
Let r(m) be the second derivative of m**4/12 - m**3/2 + 3*m**2/2 - m. Let a = 7 - 4. Give r(a).
3
Suppose -r + 4*s = -3, r + 0*s - 2*s = -1. Let l = -1 - r. Let k(g) = 0*g - 6 + 3*g - g. What is k(l)?
2
Let p(u) = 6*u + 8. Let y(o) = 11*o + 15. Let m(g) = -5*p(g) + 3*y(g). Calculate m(-7).
-16
Let v(x) = x**2 + 0*x + 5*x - 5 - 2*x - 6*x. Let r be v(4). Let o(a) = -3*a**3 - a**2 + 1. Calculate o(r).
3
Let h(f) = -f**2 - 5*f - 3. Let a be h(-4). Let y(z) = z**2 - z + 3. Let x be y(0). Let p(l) = -5*l**3 + x*l**3 - l**2 + 2*l**2. Determine p(a).
-1
Let p(n) = -n + 3. Suppose 0 - 6 = -2*q. What is p(q)?
0
Let x(w) = -w**2 + 1. Let c(a) = 2*a**2 + 2*a - 4. Let s(t) = -c(t) - 3*x(t). Give s(1).
0
Let a(x) = x**3 + 5*x**2 + 6*x. Let o be 2/(-7) - 104/28. Give a(o).
-8
Let y(b) be the second derivative of -b**4/12 + b**3/3 - b**2 - 3*b. Let t be (-1)/(2/(-1 + -7)). Calculate y(t).
-10
Let p(v) = v**3 - 6*v**2 + 5*v + 3. Let w = 5 - 1. Calculate p(w).
-9
Let o = -2 + 2. Suppose 5*b = 2*a - 0*b + 13, -3*a - 3*b - 9 = o. Let g(z) = z**3 + 5*z**2 + 3*z. What is g(a)?
4
Suppose 3*k - q - 9 = 0, 2*k - 2*q = -3*q + 6. Suppose k*r - 11 = 7. Let f(i) = i**3 - 7*i**2 + 6*i + 3. What is f(r)?
3
Suppose 0*s = 5*s - 4*l - 41, -s + 25 = -5*l. Suppose -s*d = 2*m - 11 - 2, -2*d = -m - 16. Let k(u) = u + 10. Give k(m).
4
Let a = -5 - 1. Let u(n) = -n**3 - 7*n**2 - 4*n + 8. Let l be u(a). Let r(o) = -3*o**2 - 3 - 3*o**3 + 4*o - 1 + 2*o**3. Calculate r(l).
-4
Let t(b) be the second derivative of b**3/6 + 2*b**2 + 11*b. Determ